{"id":102,"date":"2022-01-28T12:47:19","date_gmt":"2022-01-28T11:47:19","guid":{"rendered":"https:\/\/www.schoene-aussicht.org\/2022\/?page_id=102"},"modified":"2022-03-04T10:56:09","modified_gmt":"2022-03-04T09:56:09","slug":"impressum","status":"publish","type":"page","link":"https:\/\/www.schoene-aussicht.org\/2022\/impressum\/","title":{"rendered":"Impressum"},"content":{"rendered":"","protected":false},"excerpt":{"rendered":"","protected":false},"author":1,"featured_media":0,"parent":0,"menu_order":8,"comment_status":"closed","ping_status":"closed","template":"","meta":[],"class_list":["post-102","page","type-page","status-publish","hentry"],"grid":"{\r\n  \"colCount\": 12,\r\n  \"colGutter\": 1,\r\n  \"rowGutters\": [\r\n    2.5,\r\n    2.5,\r\n    2.5,\r\n    2.5,\r\n    2.5,\r\n    2.5,\r\n    2.5,\r\n    2.5,\r\n    2.5,\r\n    2.5\r\n  ],\r\n  \"frameMargin\": 5,\r\n  \"leftFrameMargin\": 5,\r\n  \"rightFrameMargin\": 5,\r\n  \"topFrameMargin\": 40,\r\n  \"bottomFrameMargin\": 0,\r\n  \"rowAttrs\": [\r\n    {},\r\n    {},\r\n    {},\r\n    {},\r\n    {},\r\n    {},\r\n    {},\r\n    {},\r\n    {},\r\n    {},\r\n    {}\r\n  ],\r\n  \"bgColor\": null,\r\n  \"cont\": [\r\n    {\r\n      \"type\": \"text\",\r\n      \"cont\": \"<h1 class=\\\"_Title\\\">Impressum<\/h1><p class=\\\"_Default\\\">Junges Ensemble Stuttgart<br \/>Eberhardstra\u00dfe 61a<br \/>70173 Stuttgart<br \/>Tel.: <a href=\\\"tel:0711\/%20218 480-0\\\">0711\/ 218 480-0<\/a><br \/>Fax: 0711\/ 218480-20<\/p><p class=\\\"_Default\\\">Sch\u00f6ne Aussicht 2022<br \/>13. Internationales Theaterfestival f\u00fcr junges Publikum und<br \/>20. Baden-W\u00fcrttembergisches Kinder- und Jugendtheatertreffen<\/p>\",\r\n      \"align\": \"top\",\r\n      \"row\": 0,\r\n      \"col\": 3,\r\n      \"colspan\": 6,\r\n      \"offsetx\": 0,\r\n      \"offsety\": 0,\r\n      \"spaceabove\": 10,\r\n      \"spacebelow\": 0,\r\n      \"yvel\": 1,\r\n      \"push\": 3,\r\n      \"relid\": 16,\r\n      \"frameOverflow\": \"\"\r\n    },\r\n    {\r\n      \"type\": \"text\",\r\n      \"cont\": \"<p class=\\\"_Default\\\"><strong>K\u00fcnstlerische Leitung \/ Artistic Directors<\/strong><br \/>Brigitte Dethier &amp; Christian Sch\u00f6nfelder<\/p>\",\r\n      \"align\": \"top\",\r\n      \"row\": 1,\r\n      \"col\": 3,\r\n      \"colspan\": 6,\r\n      \"offsetx\": 0,\r\n      \"offsety\": 0,\r\n      \"spaceabove\": 0,\r\n      \"spacebelow\": 0,\r\n      \"yvel\": 1,\r\n      \"push\": 3,\r\n      \"relid\": 6,\r\n      \"frameOverflow\": \"\"\r\n    },\r\n    {\r\n      \"type\": \"text\",\r\n      \"cont\": \"<p class=\\\"_Default\\\"><strong>Festivalb\u00fcro \/ Festival Office<\/strong><br \/>Petra Jeroma, Grete Pagan, Martha Schmalz<br \/><span style=\\\"text-decoration: underline;\\\"><a rel=\\\"noopener\\\" href=\\\"mailto:festival@jes-stuttgart.de\\\" target=\\\"_blank\\\">festival@jes-stuttgart.de<\/a><\/span><\/p>\",\r\n      \"align\": \"top\",\r\n      \"row\": 2,\r\n      \"col\": 3,\r\n      \"colspan\": 6,\r\n      \"offsetx\": 0,\r\n      \"offsety\": 0,\r\n      \"spaceabove\": 0,\r\n      \"spacebelow\": 0,\r\n      \"yvel\": 1,\r\n      \"push\": 3,\r\n      \"relid\": 7,\r\n      \"frameOverflow\": \"\"\r\n    },\r\n    {\r\n      \"type\": \"text\",\r\n      \"cont\": \"<p class=\\\"_Default\\\"><strong>Redaktion \/ Editorial<br \/><\/strong>Anna-Lena Bach, Petra Jeroma, Grete Pagan, Martha Schmalz, Christian Sch\u00f6nfelder, Julia Van Donzel<\/p>\",\r\n      \"align\": \"top\",\r\n      \"row\": 3,\r\n      \"col\": 3,\r\n      \"colspan\": 6,\r\n      \"offsetx\": 0,\r\n      \"offsety\": 0,\r\n      \"spaceabove\": 0,\r\n      \"spacebelow\": 0,\r\n      \"yvel\": 1,\r\n      \"push\": 3,\r\n      \"relid\": 8,\r\n      \"frameOverflow\": \"\"\r\n    },\r\n    {\r\n      \"type\": \"text\",\r\n      \"cont\": \"<p class=\\\"_Default\\\"><strong>\u00dcbersetzung \/ Translation<br \/><\/strong>Simon\u00e9 Lechner<br \/><a rel=\\\"noopener\\\" href=\\\"https:\/\/simon\u00e9.com\/\\\" target=\\\"_blank\\\"><span style=\\\"text-decoration: underline;\\\">www.simon\u00e9.com<\/span><\/a><\/p>\",\r\n      \"align\": \"top\",\r\n      \"row\": 4,\r\n      \"col\": 3,\r\n      \"colspan\": 6,\r\n      \"offsetx\": 0,\r\n      \"offsety\": 0,\r\n      \"spaceabove\": 0,\r\n      \"spacebelow\": 0,\r\n      \"yvel\": 1,\r\n      \"push\": 3,\r\n      \"relid\": 9,\r\n      \"frameOverflow\": \"\"\r\n    },\r\n    {\r\n      \"type\": \"text\",\r\n      \"cont\": \"<p class=\\\"_Default\\\"><strong>Umsetzung \/ Web development<br \/><\/strong>Robert Ziesenis<\/p>\",\r\n      \"align\": \"top\",\r\n      \"row\": 5,\r\n      \"col\": 3,\r\n      \"colspan\": 6,\r\n      \"offsetx\": 0,\r\n      \"offsety\": 0,\r\n      \"spaceabove\": 0,\r\n      \"spacebelow\": 0,\r\n      \"yvel\": 1,\r\n      \"push\": 3,\r\n      \"relid\": 10,\r\n      \"frameOverflow\": \"\"\r\n    },\r\n    {\r\n      \"type\": \"text\",\r\n      \"cont\": \"<p class=\\\"_Default\\\"><strong>Grafik \/ Graphics<br \/><\/strong>Malte Reinisch<\/p>\",\r\n      \"align\": \"top\",\r\n      \"row\": 6,\r\n      \"col\": 3,\r\n      \"colspan\": 6,\r\n      \"offsetx\": 0,\r\n      \"offsety\": 0,\r\n      \"spaceabove\": 0,\r\n      \"spacebelow\": 0,\r\n      \"yvel\": 1,\r\n      \"push\": 3,\r\n      \"relid\": 12,\r\n      \"frameOverflow\": \"\"\r\n    },\r\n    {\r\n      \"type\": \"text\",\r\n      \"cont\": \"<p><strong>Fotos<br \/><\/strong>Sebastian Brummer<br \/>Maaike Buys<br \/>Martina Dach<br \/>Kurt van der Elst<br \/>Ilja Mess Fotografie<br \/>Jassy Earls \/ Brain Hartley<br \/>Clara Hermans<br \/>Christian Herrmann<br \/>Bjoern Klein<br \/>Christian Kleiner<br \/>Pernilla Lindgren<br \/>Joost Milde<br \/>Sanmari Marai<br \/>Philipp Nicolai<br \/>MINZ &amp; KUNST Photography<br \/>NIE Theatre<br \/>Mark Wessels<br \/>Danny Willems<strong><br \/><\/strong><\/p>\",\r\n      \"align\": \"top\",\r\n      \"row\": 7,\r\n      \"col\": 3,\r\n      \"colspan\": 6,\r\n      \"offsetx\": 0,\r\n      \"offsety\": 0,\r\n      \"spaceabove\": 0,\r\n      \"spacebelow\": 0,\r\n      \"yvel\": 1,\r\n      \"push\": 3,\r\n      \"relid\": 4,\r\n      \"frameOverflow\": \"\"\r\n    },\r\n    {\r\n      \"type\": \"text\",\r\n      \"cont\": \"<p class=\\\"_Default\\\"><strong>Rechtstr\u00e4ger<br \/><\/strong>Verein Kinder- und Jugendkultur e.V.<br \/>Eberhardstra\u00dfe 61a<br \/>70173 Stuttgart<\/p>\",\r\n      \"align\": \"top\",\r\n      \"row\": 8,\r\n      \"col\": 3,\r\n      \"colspan\": 6,\r\n      \"offsetx\": 0,\r\n      \"offsety\": 0,\r\n      \"spaceabove\": 0,\r\n      \"spacebelow\": 0,\r\n      \"yvel\": 1,\r\n      \"push\": 3,\r\n      \"relid\": 13,\r\n      \"frameOverflow\": \"\"\r\n    },\r\n    {\r\n      \"type\": \"text\",\r\n      \"cont\": \"<p class=\\\"_Default\\\"><strong>Vorsitzende<br \/><\/strong><strong><\/strong>Veronika Kienzle<br \/>Steuernummer 99018\/55059 beim Finanzamt Suttgart-K\u00f6rperschaften<br \/>USt-IdNr.: DE249405197Amtsgericht Stuttgart<br \/>VR 6273<\/p>\",\r\n      \"align\": \"top\",\r\n      \"row\": 9,\r\n      \"col\": 3,\r\n      \"colspan\": 6,\r\n      \"offsetx\": 0,\r\n      \"offsety\": 0,\r\n      \"spaceabove\": 0,\r\n      \"spacebelow\": 0,\r\n      \"yvel\": 1,\r\n      \"push\": 3,\r\n      \"relid\": 14,\r\n      \"frameOverflow\": \"\"\r\n    },\r\n    {\r\n      \"type\": \"text\",\r\n      \"cont\": \"<p class=\\\"_Default\\\"><strong>Haftungsausschluss<br \/><\/strong><span>F\u00fcr Vollst\u00e4ndigkeit, Fehler redaktioneller und technischer Art, Auslassungen usw. sowie die Richtigkeit der Eintragungen kann \u2013 auch wegen der raschen Ver\u00e4nderungen im Kulturbereich und im Internet \u2013 keine Haftung \u00fcbernommen werden. Insbesondere kann keine Gew\u00e4hr f\u00fcr die Vollst\u00e4ndigkeit und Richtigkeit von Informationen \u00fcbernommen werden, die \u00fcber weiterf\u00fchrende Links erreicht werden.<\/span><\/p><p class=\\\"_Default\\\"><span>F\u00fcr alle Links \/ Verkn\u00fcpfungen, auf die diese Website direkt oder indirekt verweist, gilt: Wir m\u00f6chten ausdr\u00fccklich betonen, dass wir keinerlei Einfluss auf die Gestaltung und die Inhalte der gelinkten Seiten haben. Deshalb distanzieren wir uns hiermit ausdr\u00fccklich von allen Inhalten aller gelinkten Seiten auf dieser Website und machen uns ihre Inhalte nicht zu Eigen. Diese Erkl\u00e4rung gilt f\u00fcr alle Seiten dieser Website und die dort angebrachten Links.<\/span><br \/><span>Falls die Website des Sch\u00f6ne Aussicht Festivals auf Seiten verweist, deren Inhalt Anlass zur Beanstandung gibt, bitten wir um Mitteilung.<\/span><\/p><p class=\\\"_Default\\\"><span>Das Layout der Homepage und die verwendeten Grafiken und Bilder sind urheberrechtlich gesch\u00fctzt. Die Seiten d\u00fcrfen nur zum privaten Gebrauch vervielf\u00e4ltigt, \u00c4nderungen nicht vorgenommen und Vervielf\u00e4ltigungsst\u00fccke ohne schriftliche Genehmigung nicht verbreitet werden.<\/span><\/p><p class=\\\"_Default\\\"><span>Bei Verweisen von fremden Homepages auf www.schoene-aussicht.org sind die per Link angezeigten Inhalte eindeutig als zum Internetauftritt des Sch\u00f6ne Aussicht Festivals geh\u00f6rig zu kennzeichnen. Bei Zuwiderhandlungen m\u00fcssen wir uns vorbehalten, die Verwendung des Links zu untersagen und \u00fcberdies rechtliche Schritte einzuleiten.<\/span><\/p>\",\r\n      \"align\": \"top\",\r\n      \"row\": 10,\r\n      \"col\": 3,\r\n      \"colspan\": 6,\r\n      \"offsetx\": 0,\r\n      \"offsety\": 0,\r\n      \"spaceabove\": 0,\r\n      \"spacebelow\": 10,\r\n      \"yvel\": 1,\r\n      \"push\": 3,\r\n      \"relid\": 15,\r\n      \"frameOverflow\": \"\"\r\n    }\r\n  ]\r\n}","phonegrid":"{\r\n  \"colCount\": 12,\r\n  \"colGutter\": 1,\r\n  \"rowGutters\": [\r\n    \"10\",\r\n    \"10\",\r\n    \"10\",\r\n    \"10\",\r\n    \"10\",\r\n    \"10\",\r\n    \"10\",\r\n    \"10\",\r\n    \"10\",\r\n    \"10\"\r\n  ],\r\n  \"frameMargin\": 5,\r\n  \"leftFrameMargin\": 5,\r\n  \"rightFrameMargin\": 5,\r\n  \"topFrameMargin\": 5,\r\n  \"bottomFrameMargin\": 5,\r\n  \"rowAttrs\": [\r\n    {},\r\n    {},\r\n    {},\r\n    {},\r\n    {},\r\n    {},\r\n    {},\r\n    {},\r\n    {},\r\n    {},\r\n    {}\r\n  ],\r\n  \"bgColor\": null,\r\n  \"cont\": [\r\n    {\r\n      \"type\": \"text\",\r\n      \"cont\": \"<h1 class=\\\"_Title\\\">Impressum<\/h1><p class=\\\"_Default\\\">Junges Ensemble Stuttgart<br \/>Eberhardstra\u00dfe 61a<br \/>70173 Stuttgart<br \/>Tel.: <a href=\\\"tel:0711\/%20218 480-0\\\">0711\/ 218 480-0<\/a><br \/>Fax: 0711\/ 218480-20<\/p><p class=\\\"_Default\\\">Sch\u00f6ne Aussicht 2022<br \/>13. Internationales Theaterfestival f\u00fcr junges Publikum und<br \/>20. Baden-W\u00fcrttembergisches Kinder- und Jugendtheatertreffen<\/p>\",\r\n      \"align\": \"bottom\",\r\n      \"row\": 0,\r\n      \"col\": 0,\r\n      \"colspan\": 12,\r\n      \"offsetx\": 0,\r\n      \"offsety\": 0,\r\n      \"spaceabove\": 0,\r\n      \"spacebelow\": 0,\r\n      \"yvel\": 1,\r\n      \"push\": 0,\r\n      \"relid\": 16,\r\n      \"frameOverflow\": \"\"\r\n    },\r\n    {\r\n      \"type\": \"text\",\r\n      \"cont\": \"<p class=\\\"_Default\\\"><strong>K\u00fcnstlerische Leitung \/ Artistic Directors<\/strong><br \/>Brigitte Dethier &amp; Christian Sch\u00f6nfelder<\/p>\",\r\n      \"align\": \"bottom\",\r\n      \"row\": 1,\r\n      \"col\": 0,\r\n      \"colspan\": 12,\r\n      \"offsetx\": 0,\r\n      \"offsety\": 0,\r\n      \"spaceabove\": 0,\r\n      \"spacebelow\": 0,\r\n      \"yvel\": 1,\r\n      \"push\": 0,\r\n      \"relid\": 6,\r\n      \"frameOverflow\": \"\"\r\n    },\r\n    {\r\n      \"type\": \"text\",\r\n      \"cont\": \"<p class=\\\"_Default\\\"><strong>Festivalb\u00fcro \/ Festival Office<\/strong><br \/>Petra Jeroma, Grete Pagan, Martha Schmalz<br \/><span style=\\\"text-decoration: underline;\\\"><a rel=\\\"noopener\\\" href=\\\"mailto:festival@jes-stuttgart.de\\\" target=\\\"_blank\\\">festival@jes-stuttgart.de<\/a><\/span><\/p>\",\r\n      \"align\": \"bottom\",\r\n      \"row\": 2,\r\n      \"col\": 0,\r\n      \"colspan\": 12,\r\n      \"offsetx\": 0,\r\n      \"offsety\": 0,\r\n      \"spaceabove\": 0,\r\n      \"spacebelow\": 0,\r\n      \"yvel\": 1,\r\n      \"push\": 0,\r\n      \"relid\": 7,\r\n      \"frameOverflow\": \"\"\r\n    },\r\n    {\r\n      \"type\": \"text\",\r\n      \"cont\": \"<p class=\\\"_Default\\\"><strong>Redaktion \/ Editorial<br \/><\/strong>Anna-Lena Bach, Petra Jeroma, Grete Pagan, Martha Schmalz, Christian Sch\u00f6nfelder, Julia Van Donzel<\/p>\",\r\n      \"align\": \"bottom\",\r\n      \"row\": 3,\r\n      \"col\": 0,\r\n      \"colspan\": 12,\r\n      \"offsetx\": 0,\r\n      \"offsety\": 0,\r\n      \"spaceabove\": 0,\r\n      \"spacebelow\": 0,\r\n      \"yvel\": 1,\r\n      \"push\": 0,\r\n      \"relid\": 8,\r\n      \"frameOverflow\": \"\"\r\n    },\r\n    {\r\n      \"type\": \"text\",\r\n      \"cont\": \"<p class=\\\"_Default\\\"><strong>\u00dcbersetzung \/ Translation<br \/><\/strong>Simon\u00e9 Lechner<br \/><a rel=\\\"noopener\\\" href=\\\"https:\/\/simon\u00e9.com\/\\\" target=\\\"_blank\\\"><span style=\\\"text-decoration: underline;\\\">www.simon\u00e9.com<\/span><\/a><\/p>\",\r\n      \"align\": \"bottom\",\r\n      \"row\": 4,\r\n      \"col\": 0,\r\n      \"colspan\": 12,\r\n      \"offsetx\": 0,\r\n      \"offsety\": 0,\r\n      \"spaceabove\": 0,\r\n      \"spacebelow\": 0,\r\n      \"yvel\": 1,\r\n      \"push\": 0,\r\n      \"relid\": 9,\r\n      \"frameOverflow\": \"\"\r\n    },\r\n    {\r\n      \"type\": \"text\",\r\n      \"cont\": \"<p class=\\\"_Default\\\"><strong>Umsetzung \/ Web development<br \/><\/strong>Robert Ziesenis<\/p>\",\r\n      \"align\": \"bottom\",\r\n      \"row\": 5,\r\n      \"col\": 0,\r\n      \"colspan\": 12,\r\n      \"offsetx\": 0,\r\n      \"offsety\": 0,\r\n      \"spaceabove\": 0,\r\n      \"spacebelow\": 0,\r\n      \"yvel\": 1,\r\n      \"push\": 0,\r\n      \"relid\": 10,\r\n      \"frameOverflow\": \"\"\r\n    },\r\n    {\r\n      \"type\": \"text\",\r\n      \"cont\": \"<p class=\\\"_Default\\\"><strong>Grafik \/ Graphics<br \/><\/strong>Malte Reinisch<\/p>\",\r\n      \"align\": \"bottom\",\r\n      \"row\": 6,\r\n      \"col\": 0,\r\n      \"colspan\": 12,\r\n      \"offsetx\": 0,\r\n      \"offsety\": 0,\r\n      \"spaceabove\": 0,\r\n      \"spacebelow\": 0,\r\n      \"yvel\": 1,\r\n      \"push\": 0,\r\n      \"relid\": 12,\r\n      \"frameOverflow\": \"\"\r\n    },\r\n    {\r\n      \"type\": \"text\",\r\n      \"cont\": \"<p><strong>Fotos<br \/><\/strong>Sebastian Brummer<br \/>Maaike Buys<br \/>Martina Dach<br \/>Kurt van der Elst<br \/>Ilja Mess Fotografie<br \/>Jassy Earls \/ Brain Hartley<br \/>Clara Hermans<br \/>Christian Herrmann<br \/>Bjoern Klein<br \/>Christian Kleiner<br \/>Pernilla Lindgren<br \/>Joost Milde<br \/>Sanmari Marai<br \/>Philipp Nicolai<br \/>MINZ &amp; KUNST Photography<br \/>NIE Theatre<br \/>Mark Wessels<br \/>Danny Willems<strong><br \/><\/strong><\/p>\",\r\n      \"align\": \"top\",\r\n      \"row\": 7,\r\n      \"col\": 0,\r\n      \"colspan\": 12,\r\n      \"offsetx\": 0,\r\n      \"offsety\": 0,\r\n      \"spaceabove\": 0,\r\n      \"spacebelow\": 0,\r\n      \"yvel\": 1,\r\n      \"push\": 0,\r\n      \"relid\": 4,\r\n      \"frameOverflow\": \"\"\r\n    },\r\n    {\r\n      \"type\": \"text\",\r\n      \"cont\": \"<p class=\\\"_Default\\\"><strong>Rechtstr\u00e4ger<br \/><\/strong>Verein Kinder- und Jugendkultur e.V.<br \/>Eberhardstra\u00dfe 61a<br \/>70173 Stuttgart<\/p>\",\r\n      \"align\": \"bottom\",\r\n      \"row\": 8,\r\n      \"col\": 0,\r\n      \"colspan\": 12,\r\n      \"offsetx\": 0,\r\n      \"offsety\": 0,\r\n      \"spaceabove\": 0,\r\n      \"spacebelow\": 0,\r\n      \"yvel\": 1,\r\n      \"push\": 0,\r\n      \"relid\": 13,\r\n      \"frameOverflow\": \"\"\r\n    },\r\n    {\r\n      \"type\": \"text\",\r\n      \"cont\": \"<p class=\\\"_Default\\\"><strong>Vorsitzende<br \/><\/strong><strong><\/strong>Veronika Kienzle<br \/>Steuernummer 99018\/55059 beim Finanzamt Suttgart-K\u00f6rperschaften<br \/>USt-IdNr.: DE249405197Amtsgericht Stuttgart<br \/>VR 6273<\/p>\",\r\n      \"align\": \"bottom\",\r\n      \"row\": 9,\r\n      \"col\": 0,\r\n      \"colspan\": 12,\r\n      \"offsetx\": 0,\r\n      \"offsety\": 0,\r\n      \"spaceabove\": 0,\r\n      \"spacebelow\": 0,\r\n      \"yvel\": 1,\r\n      \"push\": 0,\r\n      \"relid\": 14,\r\n      \"frameOverflow\": \"\"\r\n    },\r\n    {\r\n      \"type\": \"text\",\r\n      \"cont\": \"<p class=\\\"_Default\\\"><strong>Haftungsausschluss<br \/><\/strong><span>F\u00fcr Vollst\u00e4ndigkeit, Fehler redaktioneller und technischer Art, Auslassungen usw. sowie die Richtigkeit der Eintragungen kann \u2013 auch wegen der raschen Ver\u00e4nderungen im Kulturbereich und im Internet \u2013 keine Haftung \u00fcbernommen werden. Insbesondere kann keine Gew\u00e4hr f\u00fcr die Vollst\u00e4ndigkeit und Richtigkeit von Informationen \u00fcbernommen werden, die \u00fcber weiterf\u00fchrende Links erreicht werden.<\/span><\/p><p class=\\\"_Default\\\"><span>F\u00fcr alle Links \/ Verkn\u00fcpfungen, auf die diese Website direkt oder indirekt verweist, gilt: Wir m\u00f6chten ausdr\u00fccklich betonen, dass wir keinerlei Einfluss auf die Gestaltung und die Inhalte der gelinkten Seiten haben. Deshalb distanzieren wir uns hiermit ausdr\u00fccklich von allen Inhalten aller gelinkten Seiten auf dieser Website und machen uns ihre Inhalte nicht zu Eigen. Diese Erkl\u00e4rung gilt f\u00fcr alle Seiten dieser Website und die dort angebrachten Links.<\/span><br \/><span>Falls die Website des Sch\u00f6ne Aussicht Festivals auf Seiten verweist, deren Inhalt Anlass zur Beanstandung gibt, bitten wir um Mitteilung.<\/span><\/p><p class=\\\"_Default\\\"><span>Das Layout der Homepage und die verwendeten Grafiken und Bilder sind urheberrechtlich gesch\u00fctzt. Die Seiten d\u00fcrfen nur zum privaten Gebrauch vervielf\u00e4ltigt, \u00c4nderungen nicht vorgenommen und Vervielf\u00e4ltigungsst\u00fccke ohne schriftliche Genehmigung nicht verbreitet werden.<\/span><\/p><p class=\\\"_Default\\\"><span>Bei Verweisen von fremden Homepages auf www.schoene-aussicht.org sind die per Link angezeigten Inhalte eindeutig als zum Internetauftritt des Sch\u00f6ne Aussicht Festivals geh\u00f6rig zu kennzeichnen. Bei Zuwiderhandlungen m\u00fcssen wir uns vorbehalten, die Verwendung des Links zu untersagen und \u00fcberdies rechtliche Schritte einzuleiten.<\/span><\/p>\",\r\n      \"align\": \"bottom\",\r\n      \"row\": 10,\r\n      \"col\": 0,\r\n      \"colspan\": 12,\r\n      \"offsetx\": 0,\r\n      \"offsety\": 0,\r\n      \"spaceabove\": 0,\r\n      \"spacebelow\": 0,\r\n      \"yvel\": 1,\r\n      \"push\": 0,\r\n      \"relid\": 15,\r\n      \"frameOverflow\": \"\"\r\n    }\r\n  ]\r\n}","_links":{"self":[{"href":"https:\/\/www.schoene-aussicht.org\/2022\/wp-json\/wp\/v2\/pages\/102","targetHints":{"allow":["GET"]}}],"collection":[{"href":"https:\/\/www.schoene-aussicht.org\/2022\/wp-json\/wp\/v2\/pages"}],"about":[{"href":"https:\/\/www.schoene-aussicht.org\/2022\/wp-json\/wp\/v2\/types\/page"}],"author":[{"embeddable":true,"href":"https:\/\/www.schoene-aussicht.org\/2022\/wp-json\/wp\/v2\/users\/1"}],"replies":[{"embeddable":true,"href":"https:\/\/www.schoene-aussicht.org\/2022\/wp-json\/wp\/v2\/comments?post=102"}],"version-history":[{"count":0,"href":"https:\/\/www.schoene-aussicht.org\/2022\/wp-json\/wp\/v2\/pages\/102\/revisions"}],"wp:attachment":[{"href":"https:\/\/www.schoene-aussicht.org\/2022\/wp-json\/wp\/v2\/media?parent=102"}],"curies":[{"name":"wp","href":"https:\/\/api.w.org\/{rel}","templated":true}]}}